 - 126 = 0. Suppose -4*f + 5*t = -44, -f - t = 4*f - 26. What is the remainder when i is divided by 485/30 - 1/f?
15
Suppose -4*c - 1 = -77. Suppose -5*r + 4 = 2*w, r = -3*r. Suppose 3*m = 5*a + 43, 0 = a + 4 - w. Calculate the remainder when c is divided by m.
8
Let d(r) = r - 16. Let b(m) = 16. Let y(l) = -4*b(l) - 3*d(l). Let u be y(-7). Suppose -u*w - 410 = -10*w. Calculate the remainder when w is divided by 28.
26
What is the remainder when 57 is divided by (-1)/(-1) - 4/(-4)?
1
Let r(f) = f. Let b be r(5). Suppose 0 = -b*s + 71 + 109. What is the remainder when 141 is divided by s?
33
Let o = 13 - 1. Let k = o + -2. Let m(y) = 10*y - 21. What is the remainder when m(5) is divided by k?
9
Calculate the remainder when 306 is divided by (16 + 468/(-30))/((-2)/(-120)).
18
Suppose 28*b = 2093 + 9807. What is the remainder when b is divided by 3?
2
Let d be 2/2*-1*-4. Suppose -68 = -0*u - d*u. Suppose 1728 = 37*l - l. Calculate the remainder when l is divided by u.
14
Let h(p) = -p**3 + 3*p**2 + 2*p + 1. Suppose -t - 2 = -4. Suppose y + 3*j - 2*j = 0, t*y + 12 = 4*j. Calculate the remainder when 32 is divided by h(y).
15
Let t be (5/(-3))/(1/3). Let y = t + 0. What is the remainder when (y - 0)*18/(-30) is divided by 2?
1
Calculate the remainder when 297 is divided by 2/3*(156 - 9/3).
93
Suppose -8*w - 6*w = 28. What is the remainder when 12 is divided by w + 4 + 2 - -1?
2
Suppose 7*u = 6*u + 627. Suppose r = 58 - 3. Calculate the remainder when r is divided by u/22 - (-1)/(-2).
27
Suppose 16 = -5*f + 7*f. Suppose -f = -k - 3*k. Calculate the remainder when (24/14)/k*119 is divided by 26.
24
Let h = 598 + -343. Let f = h - 146. What is the remainder when f is divided by 16?
13
Suppose 0 = 4*p - 10 - 74. What is the remainder when p is divided by (-2)/49*7 + (-86)/(-7)?
9
Let l(y) = 29*y**2 + 126*y + 4. What is the remainder when l(-6) is divided by 99?
94
Let i = 31 + -17. Let j be (7/(-14))/(2/(-16)). Suppose 2*v = -6, -j*g + 4*v = -0*g - 220. Calculate the remainder when g is divided by i.
10
Suppose 262 = 5*d - 53. Let n = d - 4. Calculate the remainder when n is divided by 30.
29
Let u(x) = -7*x**3 - 32*x**2 - 14*x + 17. Suppose g + 1 - 26 = 0. Calculate the remainder when (-3)/((-9)/g)*3 is divided by u(-4).
7
Let v = 13 + -7. Let z = 19 + -17. Suppose 4*g = -k + 16, -z*g + 65 = 3*k - 13. Calculate the remainder when k is divided by v.
4
Let v = 58 - 22. What is the remainder when 30 is divided by ((-66)/9)/((-3)/(v/8))?
8
Let g be 6/(3 + 30/(-8)). Let s be ((-17)/(-4))/((-2)/g). Suppose -83 = -2*q - s. Calculate the remainder when q is divided by 18.
15
Let i(x) = x**3 + 15*x**2 + 49*x - 3. What is the remainder when i(-6) is divided by 19?
8
Let u = 2 + 0. Suppose -72 = -2*x - 5*l, u*l = 2*x - 0*l - 58. What is the remainder when x is divided by 16?
15
Suppose 3*g = -4*d + 104, -3*d - 5*g + 72 = 5. What is the remainder when (4 + 44/(-14))*98 is divided by d?
26
Let w(o) = -8*o - 80. Let r be w(-10). Suppose r = -11*g - 3*g + 1722. Calculate the remainder when g is divided by 32.
27
Suppose i = 2*i + a - 5, -a = -i + 3. Suppose 5*d + 7*j - 145 = 2*j, -4*d + i*j = -156. What is the remainder when d is divided by 62/5 + 6/(-15)?
10
Let w(b) = 2*b**2 - 5*b - 65. What is the remainder when 348 is divided by w(9)?
36
Suppose -2*x + 2 = -8. What is the remainder when x is divided by 1?
0
Let j(b) = -b**2 - 1. Let o(f) = -f**3 - 7*f**2 - 2*f + 1. Let k(x) = -2*j(x) - o(x). Suppose -24 = 2*n - 8. Calculate the remainder when k(n) is divided by 17.
15
Suppose -35*k + 1025 + 1285 = 0. Calculate the remainder when k is divided by 45.
21
Let q = 219 + -181. What is the remainder when 74 is divided by q?
36
Suppose 9*p = 48 + 465. Let n(s) = -s**2 - 11*s - 9. What is the remainder when p is divided by n(-8)?
12
Let l = 229 + -110. Calculate the remainder when l is divided by 31.
26
Let x be (-3)/(-1 - 68/(-8))*-60. What is the remainder when 147/2 - 6/x*-6 is divided by 26?
23
Suppose 7 + 38 = 5*m. What is the remainder when 60 is divided by m?
6
Let w = -1 - 30. Let y = w - -49. What is the remainder when 142 is divided by y?
16
Suppose 15*j + 390 = 12*j. Let u = j - -139. What is the remainder when 42 is divided by u?
6
Let d = 634 - 625. Calculate the remainder when 202 is divided by d.
4
Let a(g) = -45*g - 243. Calculate the remainder when a(-6) is divided by 16.
11
What is the remainder when -8 + 0 + 3 + 82 is divided by 44?
33
Suppose 5*z + z + 282 = 0. Let r = 64 + z. Calculate the remainder when 47 is divided by r.
13
Let k = -344 + 550. Calculate the remainder when k is divided by 70.
66
Let h = -3066 - -4423. Calculate the remainder when h is divided by 34.
31
Let h(m) = 68*m + 577. What is the remainder when h(11) is divided by 39?
38
Let s = -19 - -22. Let j(u) = -1 - s*u + 7*u + 3 + 2*u**2 - 1. What is the remainder when j(-5) is divided by 16?
15
Let t be (-2)/(-7) + 612/63. Suppose 0 = -4*z - t + 50. Suppose -3*u + 1 = 4*s - 0, 2 = -s. Calculate the remainder when z is divided by u.
1
Suppose 7*u - 5 = 2*u. Let a be 4*u + (-7 - -5). What is the remainder when 40 is divided by (-21)/(1/a*-3)?
12
Let z(m) = 4*m**2 + 28*m + 17. Calculate the remainder when z(-8) is divided by 26.
23
Suppose -6*a + 9*a - 3*o = 261, -4*o = a - 112. What is the remainder when a is divided by 12?
8
Suppose -4*w = 4*j - j - 32, 3*w = 3*j + 3. Suppose 3 + 12 = -5*q, 3*q = j*b - 485. Calculate the remainder when b is divided by 12.
11
Suppose -5*k - 20 = 0, 2*k = 2*d - k - 172. What is the remainder when 176 is divided by d?
16
Let x(k) = 36 - 11*k**2 - 14*k + 23*k**2 - 13*k**2. What is the remainder when x(-11) is divided by 36?
33
Let w(f) be the third derivative of -f**4/24 + 3*f**3/2 + 37*f**2. What is the remainder when 51 is divided by w(0)?
6
Let i(j) = -16*j + 25. What is the remainder when i(-17) is divided by 15?
12
Let g(i) = -i**2 - 17*i - 4. Let v be g(0). Suppose -2*l - 2*l - 48 = 0. What is the remainder when 17 is divided by (-18)/v*(l + 14)?
8
Let f = -88 - -238. Calculate the remainder when f is divided by 20.
10
Let h = 50 + -19. Suppose -10*i = -24*i + 1708. Calculate the remainder when i is divided by h.
29
Let k be 2*1/2 + 82. Let a = 7 + -52. Let g = a + k. What is the remainder when g is divided by 13?
12
Let c(w) be the first derivative of -17*w**4/4 + 2*w**3/3 + w**2/2 - 7. What is the remainder when 34 is divided by c(-1)?
16
Suppose -11*i = -10*i + 6. Let z be ((-10)/(-4))/(i/12). Let d = 7 - z. What is the remainder when 33 is divided by d?
9
Let k = 25 - 26. Calculate the remainder when (42/(-30) - k) + 514/10 is divided by 13.
12
Let r be (3 - 0) + 11/(22/4). Suppose p = 5*p - 3*c - 313, 3*p - 271 = -r*c. Calculate the remainder when p is divided by 17.
14
Let v(t) = 6*t - 141. What is the remainder when v(25) is divided by 4?
1
Suppose -10*u + 475 + 685 = 0. What is the remainder when u is divided by 46?
24
Calculate the remainder when 114 is divided by 10/12*28*(-78)/(-52).
9
Suppose -9*m + 8*m - 41 = -2*k, 5*k + m - 99 = 0. What is the remainder when 30 is divided by k?
10
Suppose -z - 32 = -4*z - 2*k, 0 = 3*z - 2*k - 28. Suppose 20 + z = -2*f. Let t(l) = -l**2 - 16*l - 6. What is the remainder when 26 is divided by t(f)?
8
Let x be -4*2/4 - -22. Suppose -2*o + 18 + x = 0. Suppose j - o = 18. What is the remainder when j is divided by 20?
17
Let w = 105 + -54. What is the remainder when w is divided by (1 + -9)*198/(-88)?
15
Suppose 0*c + 5*c - 170 = 0. Suppose -4*w + 56 = -16. Suppose -w = 5*f - 6*f. What is the remainder when c is divided by f?
16
Let d = 569 + -460. Calculate the remainder when d is divided by 16.
13
Let g = -11 + 11. Suppose -3*c - 21 = -3*q - g*q, -2*q - c = -2. Suppose -q*o = -3*r - r - 22, -2*r - 2 = 0. What is the remainder when 16 is divided by o?
4
Let a(q) = -q**3 + 5*q**2 - 5*q + 4. Suppose 3*v = 5*v - 6. Let u = -105 + 107. What is the remainder when a(v) is divided by u?
1
Suppose 14 = 4*b - 2. Calculate the remainder when (-4)/(-6)*(-3)/6*-39 is divided by ((-10)/(-4))/(2/b).
3
Suppose 5*v + 2*t - 314 = 0, -73 = -v + 2*t + t. Let l = v + -41. What is the remainder when l is divided by (-16)/(3*(-8)/12)?
7
Let f be 1 - 2/2*-4. Suppose 0 = a - f*a - 16. What is the remainder when 7 is divided 